False
Is 22359353 a prime number?
False
Is 153048221 prime?
True
Is 299861050498 prime?
False
Is 395821849 composite?
False
Is 12658315339 composite?
False
Is 347451259 a prime number?
True
Is 880107847 a prime number?
False
Is 6996044087 prime?
True
Is 5319651941 composite?
True
Is 1616011261 composite?
False
Is 233973924343 a prime number?
False
Is 55441592717 composite?
True
Is 4145322889 composite?
False
Is 958162297 composite?
False
Is 19364233243 a composite number?
False
Is 4079824061 composite?
False
Is 41264982593 composite?
False
Is 1493246383 a composite number?
False
Is 19434820191 a prime number?
False
Is 40221473 a composite number?
True
Is 37489016779 prime?
True
Is 1402967297 composite?
False
Is 641734567 a prime number?
False
Is 1141883429 prime?
False
Is 43810409257 a prime number?
True
Is 1814178479 composite?
False
Is 6345795839 a prime number?
False
Is 111012458 prime?
False
Is 41450433353 a composite number?
True
Is 975339121 a composite number?
True
Is 10893977 a composite number?
True
Is 875285461 a composite number?
True
Is 12832484911 a prime number?
True
Is 78524063755 a prime number?
False
Is 13099160771 a composite number?
True
Is 29216142363 a composite number?
True
Is 5285672129 a composite number?
False
Is 35606823991 a prime number?
True
Is 256659707 a prime number?
False
Is 8085917941 a prime number?
False
Is 129275099 a prime number?
False
Is 53259905473 prime?
False
Is 37114520917 a composite number?
False
Is 93013678299 a composite number?
True
Is 154519049285 composite?
True
Is 8162263367 prime?
True
Is 490693249 prime?
False
Is 8289739949 prime?
True
Is 4401170101 composite?
False
Is 14258145593 a prime number?
False
Is 21854459771 composite?
False
Is 5114866903 prime?
True
Is 2581977869 composite?
False
Is 421418521 a prime number?
True
Is 4402847233 a prime number?
False
Is 15209708929 a prime number?
True
Is 8647895117 a composite number?
False
Is 20039421473 prime?
False
Is 43888925443 composite?
True
Is 17313468121 a composite number?
False
Is 5885887093 a composite number?
False
Is 24011750801 a composite number?
False
Is 180057860407 a composite number?
False
Is 4216588165 prime?
False
Is 1582427839 a prime number?
True
Is 1664721511 a prime number?
False
Is 11859192029 a prime number?
False
Is 10442238469 a composite number?
True
Is 5911615973 prime?
True
Is 40243417 a prime number?
True
Is 18469352501 composite?
False
Is 1217565197 composite?
True
Is 1751975513 a prime number?
False
Is 569548271 prime?
True
Is 3379450699 a prime number?
False
Is 5833885961 composite?
False
Is 154266220994 composite?
True
Is 289946507 a composite number?
False
Is 23504513713 prime?
True
Is 3533790019 prime?
False
Is 126147332741 composite?
True
Is 7475781283 prime?
True
Is 14217609782 composite?
True
Is 56228892677 a composite number?
False
Is 68206363237 a composite number?
True
Is 284934677 a prime number?
True
Is 25035529345 prime?
False
Is 1139273713 a composite number?
False
Is 44477348171 prime?
False
Is 14631847103 a composite number?
False
Is 6465334259 composite?
False
Is 6055881851 prime?
False
Is 1159267 composite?
True
Is 14070615359 a composite number?
True
Is 865138819 composite?
False
Is 601099426 a composite number?
True
Is 13662831649 a composite number?
True
Is 957507163 composite?
False
Is 5019858139 a prime number?
True
Is 1251525731 composite?
False
Is 109138649573 a prime number?
True
Is 3547793633 prime?
False
Is 342584323 a composite number?
True
Is 3176593379 a prime number?
True
Is 94702639351 prime?
True
Is 336349037 composite?
False
Is 6488785657 a composite number?
True
Is 1899823007 a composite number?
True
Is 15607910399 composite?
False
Is 64299111103 a prime number?
True
Is 2448445481 prime?
False
Is 8596892753 a prime number?
True
Is 15235682551 a prime number?
False
Is 5035909407 composite?
True
Is 8803217 a prime number?
False
Is 850048333 a prime number?
False
Is 7556191709 a prime number?
False
Is 4840677229 composite?
True
Is 495970747 a composite number?
False
Is 2360777323 a composite number?
False
Is 38429609207 composite?
True
Is 936970039 a composite number?
False
Is 2675605883 a prime number?
False
Is 269190217 prime?
False
Is 25843448217 a prime number?
False
Is 3227717353 a composite number?
True
Is 789210995 a prime number?
False
Is 1708714087 composite?
True
Is 47433555311 a composite number?
False
Is 8769234127 composite?
True
Is 15358605583 composite?
True
Is 49480880879 composite?
False
Is 44092108451 a composite number?
True
Is 720279269 composite?
False
Is 1145419697 a prime number?
True
Is 131624513 a prime number?
False
Is 3817533803 a composite number?
False
Is 217637819 a composite number?
True
Is 979202407 a prime number?
False
Is 9824794157 a composite number?
True
Is 195800053 composite?
False
Is 9842121077 composite?
False
Is 3998561467 composite?
True
Is 1341936821 composite?
True
Is 4170023261 composite?
False
Is 427592707 a prime number?
True
Is 9479327509 a prime number?
True
Is 142372370099 prime?
True
Is 122126197 a prime number?
True
Is 1281433733 prime?
False
Is 3256739267 a composite number?
False
Is 262981879 a composite number?
False
Is 20995975453 a composite number?
False
Is 161109547 composite?
True
Is 1125741599 prime?
True
Is 320762159 a prime number?
True
Is 11258354819 a composite number?
True
Is 23832190091 a composite number?
False
Is 14667328717 a prime number?
True
Is 3308716841 prime?
False
Is 8588819329 a prime number?
True
Is 4289028709 composite?
True
Is 156929707 composite?
True
Is 541747489 a prime number?
True
Is 54760169 a prime number?
True
Is 831200659 a prime number?
True
Is 4381357 a prime number?
True
Is 5174943649 composite?
False
Is 1071368231 a prime number?
True
Is 789616589 prime?
False
Is 2125582219 a prime number?
False
Is 4432321997 prime?
False
Is 10203747629 composite?
True
Is 5826482477 a composite number?
True
Is 4352081915 a prime number?
False
Is 20277936698 a prime number?
False
Is 1423454017 a composite number?
False
Is 4828675259 prime?
True
Is 2135070241 composite?
False
Is 673518281 a composite number?
False
Is 6435556781 composite?
False
Is 1101822473 prime?
True
Is 95320358583 a prime number?
False
Is 88470890707 prime?
False
Is 128624801 composite?
True
Is 205489625771 composite?
False
Is 213682717 a composite number?
False
Is 30426626717 a composite number?
True
Is 80782630717 prime?
True
Is 2637723467 a prime number?
False
Is 6432145403 prime?
False
Is 7980556343 composite?
False
Is 146987759 a composite number?
False
Is 999583873 a prime number?
True
Is 69400547 composite?
True
Is 743534969 composite?
True
Is 1436152667 a prime number?
True
Is 6634791601 a composite number?
False
Is 22094535959 composite?
True
Is 13275020963 prime?
True
Is 978451007 a prime number?
False
Is 4065892123 a prime number?
True
Is 195407573 prime?
False
Is 33262294057 composite?
False
Is 206422057 a composite number?
False
Is 982137623 a prime number?
True
Is 1264594231 a prime number?
False
Is 30148427 composite?
True
Is 286300991 a prime number?
False
Is 3530901859 composite?
False
Is 26364344885 a composite number?
True
Is 13473617153 prime?
False
Is 10291543037 composite?
False
Is 550647271 a prime number?
True
Is 14054935249 a composite number?
True
Is 179373653 composite?
True
Is 331915607 a composite number?
True
Is 126916451113 a prime number?
False
Is 168558461 a prime number?
True
Is 40761345347 a composite number?
False
Is 11429030461 prime?
False
Is 67987812863 composite?
False
Is 9973644223 a composite number?
False
Is 10435010727 composite?
True
Is 16151958901 a prime number?
False
Is 967137203 a composite number?
False
Is 662885051 composite?
False
Is 2433611207 composite?
False
Is 782498099 a composite number?
False
Is 6670291697 a composite number?
False
Is 183764201 a prime number?
True
Is 9191635267 a prime number?
True
Is 3192339977 a composite number?
False
Is 262412347 composite?
False
Is 37264360667 composite?
False
Is 1089431137 prime?
False
Is 20531647747 prime?
False
Is 4876300073 composite?
False
Is 3236037745 a prime number?
False
Is 1149203633 a composite number?
False
Is 751828397 composite?
False
Is 248349659 composite?
True
Is 1679885807 prime?
True
Is 663989003 a composite number